0
In base 13, what is 1b1 - b19b8?
-b1807
In base 9, what is 22286566 - 5?
22286561
In base 16, what is 1 - -648908e?
648908f
In base 12, what is -5abb + -3126?
-9025
In base 3, what is 112 + 20221011002010?
20221011002122
In base 8, what is -24 + 33174100?
33174054
In base 10, what is 136546 - -37?
136583
In base 16, what is -11e1da4f + 1?
-11e1da4e
In base 12, what is 14132b + -b?
141320
In base 7, what is 6656625 - -62?
6660020
In base 11, what is 3758888 + 9a?
3758977
In base 14, what is -a9502 + -16a?
-a966c
In base 14, what is -c872 - 597c?
-14410
In base 11, what is 6852863 + 78?
6852930
In base 12, what is -104a6445 - -4?
-104a6441
In base 12, what is 71052163 + 4?
71052167
In base 14, what is c86ca3 - -2?
c86ca5
In base 7, what is -10146645 + -662?
-10150640
In base 12, what is -a3 - 45a1?
-4684
In base 13, what is -43 - -2396?
2353
In base 14, what is 5b2 + 193?
765
In base 7, what is -1106 - -13664051?
13662642
In base 11, what is -36 - 1557270?
-15572a6
In base 10, what is 2028174 - -9?
2028183
In base 8, what is -1216142 + 661?
-1215261
In base 10, what is -291675 + 636?
-291039
In base 9, what is 7834660 - 2?
7834657
In base 13, what is 21997ab + a?
21997b8
In base 3, what is -2020121222200 - -2?
-2020121222121
In base 11, what is -5 - 853a1899?
-853a18a3
In base 12, what is 85 - -11b0216?
11b029b
In base 10, what is -20326743 - -6?
-20326737
In base 15, what is 2c8 - 773?
-49a
In base 13, what is a8303 + 4a?
a8350
In base 11, what is 1114 + -19620?
-18507
In base 9, what is 20 - -31131?
31151
In base 12, what is -3a942833 - -3?
-3a942830
In base 16, what is 274e3 - -6?
274e9
In base 3, what is 10220212012210 + 121?
10220212020101
In base 6, what is 12 - 511235452?
-511235440
In base 11, what is -1199568 - -12?
-1199556
In base 4, what is 203133113 - -13213?
203212332
In base 9, what is 4 + -4387578?
-4387574
In base 5, what is 444 - -21414110?
21420104
In base 16, what is bca268 - 0?
bca268
In base 7, what is -1 + -25023414?
-25023415
In base 14, what is -b31b705d - 5?
-b31b7064
In base 15, what is 1b + 10090b?
100927
In base 13, what is -aa - 9c2a69?
-9c2b46
In base 2, what is 1001110010001 - -11010100010?
1101000110011
In base 8, what is -10541 - -63223?
52462
In base 9, what is 635 + -8517?
-7772
In base 12, what is 4 + a30504?
a30508
In base 2, what is 111111000011110011 - -110111?
111111000100101010
In base 10, what is 31906810 + 1?
31906811
In base 3, what is -1212111121202110221 - 12?
-1212111121202111010
In base 16, what is -3e0c55 - 7e?
-3e0cd3
In base 6, what is -105023 - 115230?
-224253
In base 6, what is -2 + -40352521523?
-40352521525
In base 3, what is 110100102021010011 - 11?
110100102021010000
In base 13, what is -40a8b - -2a5?
-407b6
In base 13, what is -27 + 6c0664?
6c063a
In base 13, what is 3 + -2c2740a5?
-2c2740a2
In base 2, what is -100101101101 + -1100010110?
-110010000011
In base 13, what is 3596005 + 4?
3596009
In base 5, what is -111020 + 4423112?
4312042
In base 16, what is 6 - e33236f?
-e332369
In base 16, what is 60ff + 27?
6126
In base 12, what is -904264 + 5?
-90425b
In base 12, what is 103048b9 + -1b?
1030489a
In base 15, what is 4c2 - -a619c?
a666e
In base 8, what is 562407631 - -1?
562407632
In base 9, what is -138036 + 12845?
-125081
In base 4, what is -20332322203 + -301?
-20332323110
In base 12, what is 2 + -8831b0a?
-8831b08
In base 7, what is 516451564 - -2?
516451566
In base 15, what is -8b3 - d5?
-998
In base 14, what is 2116 - 418?
1adc
In base 15, what is 938e + -d2b?
8563
In base 13, what is 0 + -1abc9a?
-1abc9a
In base 13, what is -181 + -2b492?
-2b643
In base 2, what is 101 + -101010101110111011001000?
-101010101110111011000011
In base 16, what is -1f340 + 8e?
-1f2b2
In base 10, what is 170835 + 10?
170845
In base 13, what is 1 + -23a1030b?
-23a1030a
In base 9, what is 1 + -682284?
-682283
In base 15, what is 49b7 - 72?
4945
In base 6, what is 204443 - -11455?
220342
In base 8, what is 36 + -564453?
-564415
In base 16, what is -6821a7 + 5?
-6821a2
In base 6, what is 411 + -344443?
-344032
In base 6, what is 21433 - -22222?
44055
In base 11, what is -111342 + -121?
-111463
In base 5, what is -4 + 124002313202?
124002313143
In base 2, what is 100 - 1110011010001101000110?
-1110011010001101000010
In base 16, what is -5 - 131660?
-131665
In base 2, what is 100000110 + -1000000100101100010?
-1000000100001011100
In base 13, what is 1 + 9037c93?
9037c94
In base 9, what is -4 + -163753345?
-163753350
In base 6, what is -115 + 123425450?
123425331
In base 15, what is -5 + 85dcb7?
85dcb2
In base 9, what is -13 + 463185?
463172
In base 13, what is -6321 - 20136?
-26457
In base 7, what is -22304 + -5215?
-30522
In base 14, what is b88 + -acb3?
-a129
In base 6, what is -401 + 111205023?
111204222
In base 13, what is 26a1b4 + -7?
26a1aa
In base 4, what is -30 + 311102302?
311102212
In base 2, what is 110 + 10000011111100101000011101?
10000011111100101000100011
In base 4, what is -1230203213301 + -3?
-1230203213310
In base 11, what is 11 + 620162?
620173
In base 7, what is 1001143 - -111?
1001254
In base 15, what is 165c - 2dca?
-176d
In base 9, what is -62 - 1100636?
-1100708
In base 11, what is -1030942 + -8?
-103094a
In base 15, what is -5cb748 - -7?
-5cb741
In base 9, what is 1026 + -170335?
-168308
In base 12, what is -392879a3 - -a?
-39287995
In base 4, what is -1120 - -233220130?
233213010
In base 12, what is -16b01 + -118?
-17019
In base 4, what is 11213 + 223121031?
223132310
In base 9, what is -1666625 - -8?
-1666616
In base 6, what is -55311320 + 3015?
-55304301
In base 16, what is bd1e42e + -1?
bd1e42d
In base 15, what is 197 - 1896?
-16ee
In base 16, what is 16 + -1b00a?
-1aff4
In base 4, what is -3001 - -11320221231?
11320212230
In base 11, what is -3 - -a753a8?
a753a5
In base 10, what is 4 + -16421766?
-16421762
In base 15, what is 18adc + -a2a?
180b2
In base 7, what is 1210544 - -21?
1210565
In base 16, what is -30b97 + 1a?
-30b7d
In base 9, what is -64037838 - -48?
-64037780
In base 3, what is 101211002121201 - 10202?
101211002110222
In base 4, what is -21031101 - 33310?
-21131011
In base 11, what is -19 + -478537?
-478555
In base 5, what is -31434400 - -22?
-31434323
In base 15, what is bdb + 3d93?
4a7e
In base 10, what is -14 - 4691091?
-4691105
In base 15, what is -659 - 5705?
-5d5e
In base 4, what is 2132222 + -1212331?
313231
In base 9, what is -310 + -626264?
-626574
In base 7, what is -2 - -266310645?
266310643
In base 5, what is -404 + -103434132?
-103440041
In base 14, what is 6501 + 48?
6549
In base 8, what is 555 - -4323?
5100
In base 9, what is 727 + 111144?
111872
In base 12, what is -1642 - 25a04?
-27446
In base 3, what is -202222202 - -120212?
-202101220
In base 7, what is 2013521431 + 3?
2013521434
In base 5, what is -4 + 140300044144?
140300044140
In base 12, what is -199874 - -36?
-19983a
In base 10, what is -8072 - -112?
-7960
In base 7, what is -215245133 - -1?
-215245132
In base 13, what is 972 + 3065?
3a07
In base 2, what is -11 - -1001111011101000111000101?
1001111011101000111000010
In base 9, what is 12 + 38746033?
38746045
In base 11, what is -3 - -2a56398?
2a56395
In base 6, what is -5 + 211230550?
211230541
In base 4, what is 1023232 + 31333313?
33023211
In base 5, what is 313143 - 301144?
11444
In base 9, what is 3 - -47858527?
47858531
In base 8, what is -513 - -50346?
47633
In base 15, what is 8b92283 + 3?
8b92286
In base 10, what is 206 - 304245?
-304039
In base 12, what is -35b4b + -107a?
-37009
In base 3, what is 1012122222202100 - -1020?
1012122222210120
In base 4, what is -2 + -203230310112?
-203230310120
In base 14, what is 2d7 - -55579?
55872
In base 5, what is 1 + -34141112444?
-34141112443
In base 4, what is -32233 + -211022030?
-211120323
In base 9, what is 102648707 + -2?
102648705
In base 10, what is -2006034 - 9?
-2006043
In base 4, what is 11221020123 + -2313?
11221011210
In base 14, what is 31 - 28c42b?
-28c3da
In base 12, what is 37a6 + 337?
3b21
In base 12, what is -4 - -24766661?
24766659
In base 9, what is -581 + 80130?
78438
In base 13, what is -88875 + 16b?
-88707
In base 12, what is -4a2 - -9220?
893a
In base 5, what is -13 - -42141244?
42141231
In base 5, what is 200211001442 - -1?
200211001443
In base 11, what is -951 + -14